 - 5?
-3311420544
In base 11, what is 6 + 1521a1?
1521a7
In base 12, what is -9 - 107b8b4?
-107b901
In base 11, what is 36a + 29099?
29458
In base 12, what is 45a05 - b2?
45913
In base 8, what is 216675041 + 1?
216675042
In base 10, what is -168 + 662304?
662136
In base 5, what is 120232010213 + 10?
120232010223
In base 11, what is -2040791 - -10?
-2040781
In base 6, what is -1410540430 + -2?
-1410540432
In base 13, what is -15804 - 10?
-15814
In base 14, what is -3b + -22523d6?
-2252433
In base 9, what is 50458 - -206?
50665
In base 5, what is 2 + -234411220?
-234411213
In base 6, what is 44244 + -1024442?
-540154
In base 10, what is 1631192 + -556?
1630636
In base 14, what is 55ddc12 + 1?
55ddc13
In base 7, what is -1 - -1051342330?
1051342326
In base 6, what is 12333 + -424231?
-411454
In base 4, what is 0 + 103110113300?
103110113300
In base 9, what is -13 + 16160724?
16160711
In base 10, what is -2 + 23253539?
23253537
In base 11, what is 4 - -696a90?
696a94
In base 9, what is 102 + -83545?
-83443
In base 16, what is -5 - -62e2a2?
62e29d
In base 10, what is -4838 - -449?
-4389
In base 8, what is 376350435 + -4?
376350431
In base 5, what is 300 + -12044411230?
-12044410430
In base 12, what is a379 + 647?
aa04
In base 11, what is 75618 - -230?
75848
In base 11, what is -7893 + -2a329?
-37111
In base 6, what is 1541010 - -1530?
1542540
In base 12, what is -4 + 9b7279?
9b7275
In base 8, what is 6173073 + -5?
6173066
In base 5, what is 10130 - -323424?
334104
In base 7, what is -1436356644 - 2?
-1436356646
In base 2, what is -111010 + -1011010100000000001?
-1011010100000111011
In base 3, what is 0 - 101212200210122222?
-101212200210122222
In base 9, what is 18 - 2108575?
-2108556
In base 13, what is 84 - -13195?
13249
In base 15, what is -4d81 + 128?
-4c58
In base 6, what is 102414435 - -2?
102414441
In base 7, what is -10 - 1331565?
-1331605
In base 2, what is -11001110101100010010 + 10000?
-11001110101100000010
In base 4, what is 223313 + 12021012?
12310331
In base 5, what is -400303 - 222242?
-1123100
In base 14, what is 0 + 370a65?
370a65
In base 14, what is 6ab93 + -c?
6ab85
In base 5, what is -14121 + -140311?
-204432
In base 15, what is 17941aa - -5?
17941b0
In base 4, what is 1110030132212 + 1?
1110030132213
In base 16, what is -4 - -1e18b?
1e187
In base 10, what is -505102 + 15?
-505087
In base 13, what is -4b517 - -208?
-4b30c
In base 7, what is -1530245 - -42?
-1530203
In base 5, what is -14 - -1224140302?
1224140233
In base 12, what is 7b8 + 6b64?
7760
In base 15, what is 5bca4 + -5?
5bc9e
In base 15, what is 5c - 29457?
-293ea
In base 5, what is -13143011 - 13222?
-13211233
In base 7, what is -112135260 - 3?
-112135263
In base 7, what is -1 - 34463331?
-34463332
In base 6, what is -4535 + 21201?
12222
In base 7, what is 515 - 341?
144
In base 10, what is 38992385 + -26?
38992359
In base 9, what is -883731 - -2481?
-881240
In base 14, what is -5 + 554612?
55460b
In base 12, what is -2b94 + -75b?
-3733
In base 10, what is 43088 - -37?
43125
In base 9, what is -3 - 6626481?
-6626484
In base 12, what is -3 - 4573a89?
-4573a90
In base 2, what is -11010000010101110111010010 + 1?
-11010000010101110111010001
In base 2, what is 1010000101001111101000000101 - -11?
1010000101001111101000001000
In base 5, what is 1332403 + 23133?
1411041
In base 11, what is -54417a - 2?
-544181
In base 7, what is -1 + 154355125?
154355124
In base 2, what is 11 + 1001011000100001101100?
1001011000100001101111
In base 9, what is -10 - -1068264?
1068254
In base 6, what is 312 + -1340252?
-1335540
In base 14, what is 1d13 - 8cc7?
-6db4
In base 4, what is 233013310313113 + -3?
233013310313110
In base 13, what is -1c - 21754c9?
-2175518
In base 7, what is 126 + 306304?
306433
In base 8, what is -1715 - -1720714?
1716777
In base 10, what is -3 + 6836210?
6836207
In base 4, what is 3311 + -12132223020?
-12132213103
In base 8, what is -472175105 + -4?
-472175111
In base 13, what is -1420 - 1817b?
-1959b
In base 7, what is -164 - 2352566?
-2353063
In base 2, what is 1100 + -11111111111011101011?
-11111111111011011111
In base 11, what is 8 - 3370a883?
-3370a876
In base 8, what is 10 + 65761617?
65761627
In base 15, what is 5 - 166c434?
-166c42e
In base 3, what is -1220022212120 + -11?
-1220022212201
In base 12, what is -4504 - 14a42?
-19346
In base 16, what is 33f13 - 1c4?
33d4f
In base 2, what is -1000001 + 100100110101000000?
100100110011111111
In base 7, what is -5655 - -1216?
-4436
In base 5, what is 1324001041 - 4?
1324001032
In base 7, what is 4 - -312156021?
312156025
In base 3, what is -22000210101 - -1222020?
-21221211011
In base 12, what is -ab33483 - -3?
-ab33480
In base 5, what is -112243 + 1112?
-111131
In base 2, what is -1011111000110111011001 + -1?
-1011111000110111011010
In base 9, what is 3833 - -316571?
321514
In base 13, what is 27369b + 1cc?
27389a
In base 12, what is 13884b + 11?
138860
In base 3, what is -1211102001 - -20110?
-1211011121
In base 10, what is 4 + -10277971?
-10277967
In base 3, what is 212202012 + -1022110?
211102202
In base 6, what is -23454253 - -30?
-23454223
In base 10, what is 862720947 - -4?
862720951
In base 4, what is 123103030023 + 0?
123103030023
In base 6, what is 125330 - 1100?
124230
In base 6, what is 4102343240 + -5?
4102343231
In base 16, what is -4 + -138ee6?
-138eea
In base 9, what is -4281 + 6185?
1804
In base 2, what is 11100 + -1110111011111011011111?
-1110111011111011000011
In base 4, what is 1121013 - -333133?
2120212
In base 7, what is 23653 - 1314561?
-1260605
In base 13, what is 766b13b - -1?
766b13c
In base 2, what is 101010111000000101111 + -10110?
101010111000000011001
In base 15, what is -49915 - 30?
-49945
In base 9, what is -315287 - 2488?
-317786
In base 12, what is b52b41 + -4?
b52b39
In base 9, what is 133 - 2252162?
-2252028
In base 5, what is -3 - 14233442022?
-14233442030
In base 10, what is -4812 - -22694?
17882
In base 11, what is -881016 - 19?
-881034
In base 5, what is 1431 + -103001?
-101020
In base 11, what is -927 + -3603?
-442a
In base 5, what is 10 - -110224343121?
110224343131
In base 3, what is -11022210 + 11110012?
10102
In base 6, what is 24 + 40200230?
40200254
In base 16, what is 7 - 1bc647?
-1bc640
In base 6, what is 41441 - -2344415?
2430300
In base 6, what is -1402304020 + 3?
-1402304013
In base 9, what is 78 - 340365?
-340276
In base 3, what is -122122000122121 - 12?
-122122000122210
In base 16, what is -1a3 + 272b?
2588
In base 7, what is -221 + 215?
-3
In base 5, what is 3 + 323004343233?
323004343241
In base 10, what is 6959346 + 102?
6959448
In base 11, what is -233a4 + 94?
-23310
In base 10, what is 6927 + -672?
6255
In base 10, what is 30609455 - 3?
30609452
In base 9, what is -1446788 + -85?
-1446884
In base 16, what is -1174929 - 4?
-117492d
In base 6, what is -213 + 124114?
123501
In base 10, what is 561 + 3564?
4125
In base 12, what is 3 + 134788?
13478b
In base 8, what is -1 - 6531075?
-6531076
In base 5, what is -140141324 + -210?
-140142034
In base 8, what is 11 - -46631061?
46631072
In base 14, what is 4ca2 + -4b1a?
186
In base 9, what is 2406 + -1824?
472
In base 11, what is -184a0555 - 4?
-184a0559
In base 16, what is 63 + -ba34?
-b9d1
In base 2, what is -1101 - -11001001001100010?
11001001001010101
In base 13, what is -2 + 27a282?
27a280
In base 11, what is -1608 - 17922?
-1942a
In base 2, what is -10 - 101110110001100?
-101110110001110
In base 4, what is -12313102231033 + 2?
-12313102231031
In base 5, what is -44214221 + 1021?
-44213200
In base 7, what is 5 + -340641003?
-340640665
In base 14, what is 1d43c97 - -1?
1d43c98
In base 13, what is -2 + 11a38cc6?
11a38cc4
In base 14, what is -a2b25 - 0?
-a2b25
In base 9, what is -3846522 + -32?
-3846554
In base 16, what is -b5d5 - 2d7?
-b8ac
In base 14, what is 5 + -ccaa487?
-ccaa482
In base 12, what is 1531a0 + 51?
153231
In base 7, what is 65 - 120100053?
-120066655
In base 13, what is -558b + 6b?
-5520
In base 11, what is -736267 - 15?
-736281
In base 9, what is -6410 - 2628?
-10138
In base 9, what is 411835660 - -5?
411835665
In base 11, what is 1 - -27933015?
27933016
In base 13, what is -5 - 1a5541?
-1a5546
In base 8, what is -13 + 52354057?
52354044
In base 6, what is -145124 - -23354?
-121330
In base 1